


{"id":38,"date":"2019-07-02T11:31:07","date_gmt":"2019-07-02T09:31:07","guid":{"rendered":"http:\/\/www.ff-langwies.at\/?page_id=38"},"modified":"2019-07-02T14:36:08","modified_gmt":"2019-07-02T12:36:08","slug":"einsatzfahrzeuge","status":"publish","type":"page","link":"https:\/\/www.ff-langwies.at\/index.php\/einsatzfahrzeuge\/","title":{"rendered":"Einsatzfahrzeuge"},"content":{"rendered":"\n<div class=\"wp-block-columns has-2-columns is-layout-flex wp-container-core-columns-is-layout-9d6595d7 wp-block-columns-is-layout-flex\">\n<div class=\"wp-block-column is-layout-flow wp-block-column-is-layout-flow\">\n<figure class=\"wp-block-image\"><img loading=\"lazy\" decoding=\"async\" width=\"1024\" height=\"683\" src=\"http:\/\/www.ff-langwies.at\/wp-content\/uploads\/2019\/07\/DSC_4760-1024x683.jpg\" alt=\"\" class=\"wp-image-166\" srcset=\"https:\/\/www.ff-langwies.at\/wp-content\/uploads\/2019\/07\/DSC_4760-1024x683.jpg 1024w, https:\/\/www.ff-langwies.at\/wp-content\/uploads\/2019\/07\/DSC_4760-300x200.jpg 300w, https:\/\/www.ff-langwies.at\/wp-content\/uploads\/2019\/07\/DSC_4760-768x512.jpg 768w\" sizes=\"auto, (max-width: 1024px) 100vw, 1024px\" \/><\/figure>\n\n\n\n<figure class=\"wp-block-image\"><img loading=\"lazy\" decoding=\"async\" width=\"1024\" height=\"683\" src=\"http:\/\/www.ff-langwies.at\/wp-content\/uploads\/2019\/07\/DSC_4767-1024x683.jpg\" alt=\"\" class=\"wp-image-167\" srcset=\"https:\/\/www.ff-langwies.at\/wp-content\/uploads\/2019\/07\/DSC_4767-1024x683.jpg 1024w, https:\/\/www.ff-langwies.at\/wp-content\/uploads\/2019\/07\/DSC_4767-300x200.jpg 300w, https:\/\/www.ff-langwies.at\/wp-content\/uploads\/2019\/07\/DSC_4767-768x512.jpg 768w\" sizes=\"auto, (max-width: 1024px) 100vw, 1024px\" \/><\/figure>\n<\/div>\n\n\n\n<div class=\"wp-block-column is-layout-flow wp-block-column-is-layout-flow\">\n<p style=\"text-align:center\"><br><strong><em>KRF-S<\/em><\/strong><\/p>\n\n\n\n<p style=\"text-align:center\">Kleines R\u00fcstfahrzeug mit Sonderausstattung<br>1,5t Vorbauseilwinde<\/p>\n\n\n\n<p><\/p>\n\n\n\n<p style=\"text-align:center\"><\/p>\n\n\n\n<p style=\"text-align:center\"><br><em>Heckbeladung:<\/em><\/p>\n\n\n\n<p style=\"text-align:center\">Hochdruckschnellangriffseinrichtung &#8222;UHPS&#8220;<br>Div. Werkzeuge<br>Pulverfeuerl\u00f6scher<br>Anschlagmittel f\u00fcr Seilwinde<\/p>\n<\/div>\n<\/div>\n\n\n\n<div class=\"wp-block-columns has-2-columns is-layout-flex wp-container-core-columns-is-layout-9d6595d7 wp-block-columns-is-layout-flex\">\n<div class=\"wp-block-column is-layout-flow wp-block-column-is-layout-flow\">\n<p style=\"text-align:center\"><br><br><strong><em>KLFA<\/em><\/strong><\/p>\n\n\n\n<p style=\"text-align:center\">Kleines L\u00f6schfahrzeug mit Allrad<\/p>\n\n\n\n<p style=\"text-align:center\">Tragkraftspritze FOX 3<br>Norm.: 1600l\/10bar<\/p>\n\n\n\n<p style=\"text-align:center\">Stromerzeuger RS9<br>9KVA<\/p>\n<\/div>\n\n\n\n<div class=\"wp-block-column is-layout-flow wp-block-column-is-layout-flow\">\n<figure class=\"wp-block-image\"><img loading=\"lazy\" decoding=\"async\" width=\"1024\" height=\"575\" src=\"http:\/\/www.ff-langwies.at\/wp-content\/uploads\/2019\/07\/ee5d2514-a73e-48d8-b953-eecc7412baf8-1024x575.jpg\" alt=\"\" class=\"wp-image-172\" srcset=\"https:\/\/www.ff-langwies.at\/wp-content\/uploads\/2019\/07\/ee5d2514-a73e-48d8-b953-eecc7412baf8-1024x575.jpg 1024w, https:\/\/www.ff-langwies.at\/wp-content\/uploads\/2019\/07\/ee5d2514-a73e-48d8-b953-eecc7412baf8-300x168.jpg 300w, https:\/\/www.ff-langwies.at\/wp-content\/uploads\/2019\/07\/ee5d2514-a73e-48d8-b953-eecc7412baf8-768x431.jpg 768w, https:\/\/www.ff-langwies.at\/wp-content\/uploads\/2019\/07\/ee5d2514-a73e-48d8-b953-eecc7412baf8.jpg 1600w\" sizes=\"auto, (max-width: 1024px) 100vw, 1024px\" \/><\/figure>\n\n\n\n<figure class=\"wp-block-image\"><img loading=\"lazy\" decoding=\"async\" width=\"1024\" height=\"575\" src=\"http:\/\/www.ff-langwies.at\/wp-content\/uploads\/2019\/07\/f3433406-2bac-446c-93ed-be121e4cc1b4-1024x575.jpg\" alt=\"\" class=\"wp-image-173\" srcset=\"https:\/\/www.ff-langwies.at\/wp-content\/uploads\/2019\/07\/f3433406-2bac-446c-93ed-be121e4cc1b4-1024x575.jpg 1024w, https:\/\/www.ff-langwies.at\/wp-content\/uploads\/2019\/07\/f3433406-2bac-446c-93ed-be121e4cc1b4-300x168.jpg 300w, https:\/\/www.ff-langwies.at\/wp-content\/uploads\/2019\/07\/f3433406-2bac-446c-93ed-be121e4cc1b4-768x431.jpg 768w, https:\/\/www.ff-langwies.at\/wp-content\/uploads\/2019\/07\/f3433406-2bac-446c-93ed-be121e4cc1b4.jpg 1600w\" sizes=\"auto, (max-width: 1024px) 100vw, 1024px\" \/><\/figure>\n<\/div>\n<\/div>\n\n\n\n<p><\/p>\n","protected":false},"excerpt":{"rendered":"<p>KRF-S Kleines R\u00fcstfahrzeug mit Sonderausstattung1,5t Vorbauseilwinde Heckbeladung: Hochdruckschnellangriffseinrichtung &#8222;UHPS&#8220;Div. WerkzeugePulverfeuerl\u00f6scherAnschlagmittel f\u00fcr Seilwinde KLFA Kleines L\u00f6schfahrzeug mit Allrad Tragkraftspritze FOX 3Norm.: 1600l\/10bar Stromerzeuger RS99KVA<\/p>\n","protected":false},"author":2,"featured_media":0,"parent":0,"menu_order":0,"comment_status":"closed","ping_status":"closed","template":"","meta":{"footnotes":""},"class_list":["post-38","page","type-page","status-publish","hentry"],"_links":{"self":[{"href":"https:\/\/www.ff-langwies.at\/index.php\/wp-json\/wp\/v2\/pages\/38","targetHints":{"allow":["GET"]}}],"collection":[{"href":"https:\/\/www.ff-langwies.at\/index.php\/wp-json\/wp\/v2\/pages"}],"about":[{"href":"https:\/\/www.ff-langwies.at\/index.php\/wp-json\/wp\/v2\/types\/page"}],"author":[{"embeddable":true,"href":"https:\/\/www.ff-langwies.at\/index.php\/wp-json\/wp\/v2\/users\/2"}],"replies":[{"embeddable":true,"href":"https:\/\/www.ff-langwies.at\/index.php\/wp-json\/wp\/v2\/comments?post=38"}],"version-history":[{"count":10,"href":"https:\/\/www.ff-langwies.at\/index.php\/wp-json\/wp\/v2\/pages\/38\/revisions"}],"predecessor-version":[{"id":177,"href":"https:\/\/www.ff-langwies.at\/index.php\/wp-json\/wp\/v2\/pages\/38\/revisions\/177"}],"wp:attachment":[{"href":"https:\/\/www.ff-langwies.at\/index.php\/wp-json\/wp\/v2\/media?parent=38"}],"curies":[{"name":"wp","href":"https:\/\/api.w.org\/{rel}","templated":true}]}}